0*g + 5*g. Calculate the highest common divisor of b and 54.
18
Let h = 1719 - 12101. Let z be h/203 - (-2)/14. Let f be 34/z + (-377)/(-3). What is the greatest common factor of f and 25?
25
Suppose -1457 = -6*t - 13*t - 12*t. Let c be ((-6)/(-4))/((-6)/(-564)). Calculate the highest common divisor of c and t.
47
Let f be 5*(-2628)/(-585) - 42/91. Suppose 0 = 2*b - 56 - 648. What is the greatest common factor of b and f?
22
Let y be (1 - (-93)/15) + -7*(-5)/(-175). What is the highest common factor of y and 35?
7
Let s be ((-6)/(-12))/(62/6696). What is the greatest common factor of s and 1260?
18
Let s(y) be the third derivative of 0*y - 15*y**2 + 1/60*y**6 + 0*y**4 + 0*y**3 + 0*y**5 + 0. Let c be s(1). What is the greatest common divisor of 6 and c?
2
Suppose 3*b + 3*k + 955 - 6946 = 0, -3*k - 9993 = -5*b. Calculate the highest common divisor of 74 and b.
74
Let g = 22801 + -20051. What is the greatest common factor of 22 and g?
22
Let h(t) = 2*t**2 + 18*t + 6. Let m be h(4). Let w be (4 + 5 + -7)/((-2)/(-330)). What is the highest common factor of m and w?
110
Suppose -2421 = 17*b - 13250. What is the highest common divisor of b and 784?
49
Let n = 4609 - 4593. Let f be 49/3 - 2/6. What is the greatest common divisor of n and f?
16
Suppose -2*c - 41984 = -129*o + 127*o, -2*o + c = -41988. What is the greatest common divisor of 232 and o?
116
Let s(w) = -7*w**3 + 20*w**3 - 11*w**3 - 20*w**2 - 15 - 6*w. Let j be s(11). What is the highest common factor of 28 and j?
7
Let k = -793 + 1420. Suppose -134 = -4*y + 1386. Let o be ((-60)/50)/(372/y + -1). What is the highest common factor of k and o?
57
Suppose -50 = -2*w + 2*u, -3*u = 5*w + 599 - 716. Suppose o - 76 = -4*d, 0*d = d - 4. What is the greatest common factor of w and o?
12
Let g(b) = 7*b + 12. Let v be g(5). Suppose 20 = v*x - 450. Let d be 24/10 - (-2)/(-5). Calculate the greatest common divisor of x and d.
2
Suppose -10 = -3*w + 113. Let j = 5323 + -4995. Calculate the greatest common divisor of w and j.
41
Let g = -75 - -380. Suppose 9*o - g = 100. Calculate the highest common factor of o and 99.
9
Let r be ((-30)/6)/5*-5. Let l = -6 + 6. Suppose -2*h + 15 + 55 = l. What is the highest common factor of r and h?
5
Let u be ((-1890)/(-2646))/((-1)/(-147)). Calculate the highest common divisor of u and 175.
35
Let s be (-11619)/(-45) - 603/(-335). What is the greatest common divisor of 1469 and s?
13
Let g(n) = -n**3 + 93*n**2 - 7*n + 911. Let t be g(93). Calculate the greatest common divisor of t and 670.
10
Suppose -4 = -2*w + 5*t, 2*w + 2*t + t - 4 = 0. Let p(x) = 4*x + 4 - w + 8 - 6. Let c be p(1). Calculate the greatest common divisor of c and 6.
2
Let o be (7/(-3))/(((-11)/(-22))/(9/(-6))). Calculate the highest common divisor of o and 2828.
7
Suppose -5*d + 2*j = -2*j - 26, d - 2*j - 4 = 0. Let g = d - -44. Suppose -p - p = -20. Calculate the greatest common factor of p and g.
10
Let t(g) = -g**3 + 26*g**2 - 14*g + 8. Let b be t(7). What is the greatest common divisor of b and 261?
29
Suppose 512 = 99*z - 97*z. Let d = 313 - z. What is the highest common divisor of 95 and d?
19
Let a = -3729 + 5719. Calculate the highest common factor of a and 30.
10
Let d(f) = -208*f - 13. Let y be d(-4). Let l = 334 - y. Let q be l/(-20) - (-1)/(-4). What is the highest common divisor of q and 72?
24
Let k = 266 + -375. Let z = 115 + k. Calculate the highest common factor of 7 and z.
1
Let p be 20*(104/16 + -6). What is the highest common factor of 16 and p?
2
Suppose -321 = -j + 449 + 526. What is the greatest common divisor of 192 and j?
48
Suppose -m - 28*m + 8*m + 9114 = 0. Calculate the greatest common divisor of m and 3286.
62
Let g = -105 - -135. Let j be (36/(-6))/((g/(-4))/5). Calculate the greatest common factor of 2 and j.
2
Let b be 6 + -5 + 2 - -31. Suppose 4*z - 2*z = 3*k - 73, -2*k + 5*z + b = 0. Suppose 21*p + 90 = k*p. Calculate the greatest common factor of p and 3.
3
Let j be ((-2785)/20 - 2/(-8))/1. Let d = 142 + j. Let m(x) = -x**3 + 7*x**2 + 9*x + 1. Let f be m(8). What is the highest common divisor of d and f?
3
Suppose 3*c + 110 - 119 = 0. Suppose 2*y + 5*g = 84, -194 = -c*y + 5*g - 18. Calculate the highest common divisor of y and 78.
26
Let q be (1 - 3)*108/(-6). Suppose q - 50 = -j. What is the greatest common factor of 126 and j?
14
Let p(z) = -z**2 - 15*z - 9. Let n(g) = -g**2 - 14*g - 43. Let j be n(-3). Let h be p(j). What is the highest common divisor of 41 and h?
41
Let b = -480 + 429. Let c be b/(-15) + 11/((-330)/(-18)). Let r(i) = -i**2 + 4*i - 1. Let a be r(3). What is the greatest common factor of c and a?
2
Let t be (-2)/4 - (-2)/((-4)/205). Let q = t - -112. Calculate the highest common factor of 45 and q.
9
Let o = -11 - -41. Suppose d = -d - o. Let b(p) = p**2 + 12*p + 32. Let v be b(d). What is the highest common factor of 7 and v?
7
Let m = -37473 - -39706. Calculate the greatest common factor of 77 and m.
77
Let b = -1146 + 530. Let k = b - -625. Calculate the greatest common divisor of 72 and k.
9
Suppose -3*m = -2*m + 4*m. Suppose 5*y - 54 - 81 = m. Suppose -12 = -4*x - 5*w, -16 = -4*x - w - 4. What is the greatest common divisor of x and y?
3
Let n = 626 - 5324. Let x be n/(-45) - (-3)/5. Calculate the highest common divisor of 30 and x.
15
Let z = 5918 + -4142. What is the highest common divisor of z and 32?
16
Let x be (-25)/(-1) - 0/8. Suppose 28*j - x*j - 405 = 0. Calculate the greatest common factor of j and 30.
15
Suppose -35*c = -200 - 780. Suppose -l - 18 + 4 = 0. Let t = c + l. What is the greatest common divisor of 21 and t?
7
Let q be (2 - 6/(-12))*-2*4/(-10). Suppose -3*s + 2*s + 3*x + 33 = 0, 4*s = -4*x + 52. What is the greatest common factor of s and q?
2
Let x(l) = 8*l + 11. Let p be x(-1). Suppose p*m = m + 16. What is the greatest common factor of 8 and m?
8
Let h be -1 - 1 - (-8 - (-3 + 0)). Let w(d) = -d**2 - 30 - 11*d - 4*d - h*d. Let y be w(-12). What is the highest common divisor of y and 70?
14
Suppose 9*i = 5442 + 840. Suppose c = -5*r + i, -5*r - 2*c + 552 = -144. Calculate the greatest common factor of 100 and r.
20
Suppose 4*q = -q. Suppose -2*h = -q*h - 10. Suppose 7*f - 18 = h*f. What is the greatest common factor of 63 and f?
9
Let t be (-16)/(-384)*-6*-9676. Calculate the highest common factor of 205 and t.
41
Suppose 21*z + 321 = -2*z + 1149. What is the highest common factor of z and 1116?
36
Let k be 341600/448 + (-18)/(-4). What is the greatest common divisor of k and 1711?
59
Let s = 62 + -115. Let i = s - -223. What is the greatest common divisor of i and 10?
10
Let x be (-16 + 10 - 142)*-1. Calculate the greatest common divisor of 6438 and x.
74
Suppose 2*v - 5*p - 282 = 0, -p + 705 = -3*v + 8*v. Let z = 152 - v. What is the greatest common divisor of 33 and z?
11
Let i = -3677 - -5417. Calculate the highest common factor of i and 180.
60
Suppose 0 = 5*v + 3*o - 28, -4*v + 3*o = o - 40. What is the greatest common divisor of v and 5?
1
Let j be 77/7 - (-1)/(1/5). Let v(b) = b**2 - 17*b + 18. Let d be v(j). What is the greatest common factor of d and 2?
2
Let i be 7 + (-2 - 2)*-215. Calculate the highest common factor of i and 255.
51
Suppose 1611 = 13*z - 846. Suppose -4*d = -0*d - 84. Calculate the greatest common divisor of d and z.
21
Let p = 10575 + -10385. What is the highest common factor of p and 38?
38
Let l = 808 - 820. Let v be (-196)/1862 + l*26/(-76). Let k(t) = t**3 + 7*t**2. Let j be k(-6). Calculate the highest common divisor of v and j.
4
Let o(p) = p**2 + p + 2. Let a(j) = -21*j**3 - 3*j**2 - j - 6. Let x(v) = a(v) + 3*o(v). Let z be x(-2). What is the greatest common factor of 123 and z?
41
Suppose 13*j - 855 + 309 = 0. Suppose 3*o - 26 = -3*b + 7, -2*b + 2*o + j = 0. What is the highest common factor of b and 8?
8
Let x = 19868 + -19664. Let b = 241 + -122. Calculate the greatest common divisor of b and x.
17
Let t = -13290 - -14140. Calculate the highest common factor of t and 550.
50
Let j = 28 + -23. Suppose 16 = 4*y, j*a - y = -0*a - 9. Let f be (-10 + 14)*a/(-4) + 17. Calculate the greatest common factor of f and 144.
18
Suppose 1431001 + 3003730 = 274*s + 338705. Calculate the greatest common factor of s and 198.
99
Let x be -210 + (5 - 6) + 2. Let d = x + 254. What is the grea